46
In base 14, what is 466 + 2d?
495
In base 2, what is 110100 - 1010101111?
-1001111011
In base 4, what is 3 - -2010133123?
2010133132
In base 10, what is -103 + 240?
137
In base 12, what is -35 - 774?
-7a9
In base 8, what is 24751 + -2?
24747
In base 14, what is 10d + 3921?
3a30
In base 3, what is -1022 + 22212202?
22211110
In base 7, what is -6135 + 16?
-6116
In base 10, what is -12 - 34102?
-34114
In base 16, what is fc + -349?
-24d
In base 3, what is 20120200 - 1202?
20111221
In base 16, what is -15 + b3?
9e
In base 7, what is 3 + -4644035?
-4644032
In base 6, what is -51 + 142350?
142255
In base 11, what is -1947a - 8?
-19487
In base 10, what is 9 - 628530?
-628521
In base 4, what is -12101100313 + 1?
-12101100312
In base 15, what is 7172 + -8?
7169
In base 7, what is 3 + 10016?
10022
In base 15, what is -5 - -5cc3?
5cbd
In base 3, what is -11 - -21212000?
21211212
In base 16, what is 1abe + -1?
1abd
In base 13, what is -15578 + -47?
-155c2
In base 3, what is -202 - 10000021?
-10001000
In base 13, what is -18 + 21c3?
21a8
In base 6, what is 4 - -23143?
23151
In base 2, what is -100 + -1111110110110010?
-1111110110110110
In base 10, what is 21817 + 0?
21817
In base 15, what is 5b1 + -1b?
595
In base 4, what is -132220 + 1033?
-131121
In base 12, what is 874 + -94?
7a0
In base 14, what is 24 - -389?
3ad
In base 12, what is b83 + 1?
b84
In base 5, what is -242 + -1240?
-2032
In base 12, what is -2 + -7a40?
-7a42
In base 9, what is -2 + -1023110?
-1023112
In base 11, what is 6144 + 2?
6146
In base 3, what is 12012 - 10122011?
-10102222
In base 10, what is 4 - -27494?
27498
In base 8, what is -65 - 2046?
-2133
In base 2, what is 11 - -10010101010100?
10010101010111
In base 4, what is 1 + 20110122?
20110123
In base 15, what is e - -16102?
16111
In base 10, what is 171327 + -8?
171319
In base 3, what is -210 + -11112011?
-11112221
In base 8, what is 30 - 1064?
-1034
In base 5, what is 3 + 1022412?
1022420
In base 14, what is -116 - -b192?
b07a
In base 4, what is -1321 + -11112?
-13033
In base 13, what is 15065 + 0?
15065
In base 5, what is 1103 - 100?
1003
In base 2, what is -1010011 + 1110100?
100001
In base 12, what is -1704 - -3a?
-1686
In base 2, what is -101011100110101 + 1?
-101011100110100
In base 4, what is 20 - 3013113?
-3013033
In base 15, what is 1a2cac - -3?
1a2cb0
In base 10, what is 1999306 + -3?
1999303
In base 14, what is -129 - -c57?
b2c
In base 15, what is 4 + -6ceb5?
-6ceb1
In base 11, what is -9 - -10851?
10843
In base 16, what is 0 + 1bc2?
1bc2
In base 8, what is 14131535 + -4?
14131531
In base 6, what is 15 - -404414?
404433
In base 11, what is 56a - -16a?
729
In base 13, what is 4 - 64733?
-6472c
In base 4, what is -22 - -13312?
13230
In base 3, what is 101210102002110 + 0?
101210102002110
In base 14, what is 3cb1a + -4?
3cb16
In base 11, what is 39a615 + 2?
39a617
In base 3, what is 1121112 - 201?
1120211
In base 12, what is a50 - -91?
b21
In base 12, what is b54 - -3?
b57
In base 13, what is 4440a7 + 3?
4440aa
In base 9, what is -207841 - -2?
-207838
In base 2, what is -1000110 + -1100011010?
-1101100000
In base 8, what is 1361626 + 2?
1361630
In base 4, what is 10212032 - -210?
10212302
In base 4, what is 0 - -101020230?
101020230
In base 14, what is -1251 + 773?
-8bc
In base 5, what is -3330 - -1221?
-2104
In base 3, what is 2210120 - -201?
2211021
In base 13, what is -720 + 7?
-716
In base 12, what is a - 27a3?
-2795
In base 9, what is 34 - -1050?
1084
In base 16, what is 0 - 43aeb?
-43aeb
In base 16, what is -25c1 + 19?
-25a8
In base 14, what is d - -1d87?
1d96
In base 7, what is 2115 - 106?
2006
In base 16, what is -1a341 + 1?
-1a340
In base 12, what is 10 + 61a07?
61a17
In base 8, what is 3 - 23324?
-23321
In base 2, what is 0 - -101111011110011111?
101111011110011111
In base 11, what is -3 - -10485?
10482
In base 10, what is -29 - 487?
-516
In base 11, what is 3a9 + 522?
920
In base 16, what is a2 - -17f?
221
In base 13, what is 4a39 - 11?
4a28
In base 9, what is 6587 - -5?
6603
In base 12, what is -77 - 316?
-391
In base 3, what is -121220122022 - -10?
-121220122012
In base 5, what is -3 - -214324340?
214324332
In base 12, what is 26 + -17ba4?
-17b7a
In base 11, what is 7 - -a6352?
a6359
In base 12, what is -1628 - -35?
-15b3
In base 3, what is -2211211 + -222210?
-10211121
In base 4, what is 10 + 2112032?
2112102
In base 2, what is -100101 + 110111111110?
110111011001
In base 14, what is 533a + 25?
5361
In base 3, what is 1 + -21020210?
-21020202
In base 13, what is -2b + 1205?
11a7
In base 8, what is -1 - -40262?
40261
In base 14, what is -127 + -27?
-150
In base 6, what is 104532343 + 2?
104532345
In base 14, what is -11a17 - 4?
-11a1b
In base 4, what is -1103 + 11011?
3302
In base 11, what is -46 - -75a?
714
In base 14, what is b9cb - 3c?
b98d
In base 11, what is -4991 - 47a?
-5360
In base 2, what is 101000100010111 - 101?
101000100010010
In base 13, what is 614 + a?
621
In base 2, what is -10 - -10001011?
10001001
In base 8, what is -26664 - 5?
-26671
In base 13, what is 6c91 + -6?
6c88
In base 2, what is 10 - 1001101111111100011?
-1001101111111100001
In base 6, what is 0 - -33045?
33045
In base 2, what is -11000001110101010010 - 1?
-11000001110101010011
In base 14, what is -114 - -2b5?
1a1
In base 13, what is -3 + -6c59?
-6c5c
In base 15, what is 1 - -768c6?
768c7
In base 10, what is -20 - -3691?
3671
In base 15, what is 38e2 + 23?
3915
In base 7, what is -1101 - 10341?
-11442
In base 13, what is 4 + 65b0?
65b4
In base 3, what is 1111 + 1101210?
1110021
In base 6, what is -1 - 111023?
-111024
In base 15, what is -9c7 - 15?
-9dc
In base 16, what is 3 + -28d4?
-28d1
In base 14, what is 486 + -43?
443
In base 16, what is -17d47 - 5?
-17d4c
In base 8, what is 3724032 - 1?
3724031
In base 3, what is -1221121102 + 1022?
-1221120010
In base 4, what is 213102 - 100?
213002
In base 9, what is 152 + 77437?
77600
In base 3, what is 110221012 - -2012?
111000101
In base 7, what is -5 + 155420?
155412
In base 9, what is 4 - -654325?
654330
In base 14, what is -4b + -ca98?
-cb05
In base 4, what is 111 + -112013320?
-112013203
In base 15, what is 5 + 199a?
19a0
In base 3, what is -110 + 10120?
10010
In base 13, what is 1609 - 482?
1157
In base 7, what is 252112 - 11?
252101
In base 15, what is -90307 - -1?
-90306
In base 3, what is 1102 + 110110?
111212
In base 14, what is 4d - -17b?
1ca
In base 16, what is 4 + b4cb?
b4cf
In base 14, what is -d4d8 - -3?
-d4d5
In base 11, what is -27991a - -3?
-279917
In base 16, what is 1906 - b?
18fb
In base 4, what is -1 - -103010032?
103010031
In base 12, what is 29b71 + -2?
29b6b
In base 7, what is 40503 + -12?
40461
In base 3, what is 12011101212 + -102?
12011101110
In base 14, what is -2663 - -9?
-2658
In base 2, what is -10010010 - 111101100?
-1001111110
In base 11, what is -58343 - 5?
-58348
In base 4, what is -11203122321 + -10?
-11203122331
In base 8, what is -172006 + -2?
-172010
In base 5, what is 4 - -30132214?
30132223
In base 11, what is -714 + 63?
-661
In base 7, what is 0 + -1640110?
-1640110
In base 4, what is -1 + 1313030?
1313023
In base 14, what is 16 - 1759d?
-17587
In base 2, what is -1100 - -1001010111?
1001001011
In base 6, what is -5152 + -44?
-5240
In base 15, what is -4 + -21ce?
-21d3
In base 9, what is 14111621 - 2?
14111618
In base 16, what is 38 + -28?
10
In base 9, what is 220 + -4048?
-3728
In base 4, what is 1003 - -12321?
13330
In base 10, what is -2 + -16516?
-16518
In base 9, what is 5 + -8805?
-8800
In base 3, what is 20212112 + -10201?
20201211
In base 9, what is 66 + -10576?
-10510
In base 3, what is 1101 + -1220022?
-1211221
In base 6, what is -1033 + 12335?
11302
In base 16, what is -2a + 8131?
8107
In base 13, what is -1378c + -15?
-137a4
In base 12, what is 1346 + 81?
1407
In base 13, what is -79 + -67?
-113
In base 13, what is -90c9 - -6?
-90c3
In base 8, what is 37506 + 14?
37522
In base 2, what is -1011100011000001000 - -1?
-1011100011000000111
In base 10, what is 528291 - 3?
528288
In base 9, what is -41338 + 3?
-41335
In base 3, what is 10 - -1101020102?
1101020112
In base 15, what is 8 - 20d9?
-20d1
In base 10, what is 58076 - 5?
58071
In base 9, what is -1527581 + -4?
-1527585
In base 14, what is -9484 - -3?
-9481
In base 10, what is